ultiple of 20?
True
Does 26 divide 3493?
False
Is 74398 a multiple of 182?
False
Does 21 divide 200?
False
Does 12 divide 8016?
True
Is 8 a factor of 1362?
False
Is 28 a factor of 30132?
False
Is 192 a multiple of 4?
True
Does 64 divide 4753?
False
Does 18 divide 193?
False
Does 9 divide 4788?
True
Is 4064 a multiple of 32?
True
Is 1238 a multiple of 40?
False
Is 85 a factor of 8585?
True
Is 5 a factor of 30?
True
Is 15 a factor of 3765?
True
Does 16 divide 1152?
True
Is 44 a factor of 7348?
True
Does 112 divide 40290?
False
Is 24 a factor of 1560?
True
Is 3 a factor of 81?
True
Does 26 divide 421?
False
Does 6 divide 8872?
False
Is 18 a factor of 1310?
False
Is 41 a factor of 13430?
False
Does 190 divide 25557?
False
Does 69 divide 552?
True
Does 40 divide 71880?
True
Is 3 a factor of 39?
True
Is 7 a factor of 692?
False
Is 20 a factor of 151260?
True
Does 5 divide 60?
True
Does 38 divide 31717?
False
Is 14290 a multiple of 8?
False
Is 40 a factor of 1440?
True
Is 3726 a multiple of 46?
True
Is 10 a factor of 52?
False
Is 9 a factor of 270?
True
Is 1884 a multiple of 31?
False
Does 19 divide 1444?
True
Does 4 divide 72?
True
Does 15 divide 180?
True
Does 7 divide 1001?
True
Is 5434 a multiple of 42?
False
Is 22 a factor of 1078?
True
Is 3 a factor of 1157?
False
Is 26 a factor of 36036?
True
Is 7820 a multiple of 23?
True
Does 88 divide 2446?
False
Is 31 a factor of 4718?
False
Is 1071 a multiple of 51?
True
Is 22 a factor of 1784?
False
Is 110 a multiple of 2?
True
Is 7 a factor of 406?
True
Does 12 divide 2773?
False
Is 17121 a multiple of 13?
True
Is 13 a factor of 747?
False
Is 4 a factor of 2452?
True
Is 60 a factor of 9480?
True
Does 31 divide 951?
False
Is 77 a factor of 20713?
True
Is 9 a factor of 1246?
False
Is 286 a multiple of 5?
False
Is 12397 a multiple of 11?
True
Is 18 a factor of 2508?
False
Does 6 divide 24468?
True
Is 247 a multiple of 20?
False
Is 6650 a multiple of 14?
True
Is 141 a multiple of 8?
False
Does 59 divide 831?
False
Is 11799 a multiple of 171?
True
Does 23 divide 8422?
False
Does 45 divide 12205?
False
Does 10 divide 30?
True
Does 36 divide 2873?
False
Is 9 a factor of 1143?
True
Is 24 a factor of 46286?
False
Does 22 divide 9900?
True
Does 15 divide 660?
True
Is 21795 a multiple of 15?
True
Is 61 a factor of 19581?
True
Is 276 a multiple of 46?
True
Is 69184 a multiple of 23?
True
Is 10 a factor of 10050?
True
Is 7 a factor of 791?
True
Does 11 divide 1474?
True
Is 18267 a multiple of 32?
False
Is 1158 a multiple of 24?
False
Is 3827 a multiple of 14?
False
Is 12 a factor of 228?
True
Is 28 a factor of 1502?
False
Is 443 a multiple of 3?
False
Does 45 divide 270?
True
Does 150 divide 19676?
False
Is 125 a factor of 9107?
False
Does 29 divide 928?
True
Is 45983 a multiple of 114?
False
Does 23 divide 43838?
True
Is 41 a multiple of 9?
False
Is 207 a factor of 4861?
False
Is 15 a factor of 899?
False
Does 11 divide 44?
True
Is 10 a factor of 10170?
True
Is 70 a factor of 27720?
True
Is 79658 a multiple of 439?
False
Is 186 a multiple of 12?
False
Does 11 divide 1320?
True
Does 18 divide 2394?
True
Is 75 a factor of 704?
False
Does 30 divide 510?
True
Is 10290 a multiple of 6?
True
Is 71 a factor of 4216?
False
Does 30 divide 8250?
True
Is 173 a factor of 1034?
False
Is 9 a factor of 5997?
False
Is 1118 a multiple of 43?
True
Is 7 a factor of 1330?
True
Does 2 divide 40?
True
Does 8 divide 256?
True
Is 42682 a multiple of 8?
False
Is 93527 a multiple of 217?
True
Does 22 divide 4730?
True
Is 191 a multiple of 10?
False
Is 25898 a multiple of 122?
False
Is 18 a factor of 432?
True
Does 36 divide 6455?
False
Is 1150 a multiple of 48?
False
Does 259 divide 53095?
True
Is 29 a factor of 5391?
False
Does 21 divide 1371?
False
Is 52 a factor of 82836?
True
Is 47665 a multiple of 170?
False
Is 25 a factor of 159?
False
Is 240 a multiple of 10?
True
Is 11 a factor of 4705?
False
Is 180 a multiple of 10?
True
Does 20 divide 132?
False
Does 19 divide 349?
False
Does 20 divide 3497?
False
Does 14 divide 6902?
True
Is 499 a multiple of 28?
False
Is 5346 a multiple of 34?
False
Is 116 a factor of 3987?
False
Is 7 a factor of 399?
True
Is 1013 a multiple of 2?
False
Is 12 a factor of 14?
False
Is 26591 a multiple of 5?
False
Is 419 a multiple of 24?
False
Is 72 a factor of 3799?
False
Is 77 a factor of 29192?
False
Is 32010 a multiple of 30?
True
Is 834 a multiple of 9?
False
Does 35 divide 134?
False
Is 11 a factor of 7664?
False
Is 32 a factor of 7200?
True
Is 3 a factor of 135?
True
Is 1528 a multiple of 5?
False
Is 2652 a multiple of 14?
False
Does 26 divide 20020?
True
Does 6 divide 66?
True
Is 3131 a multiple of 31?
True
Is 35 a factor of 909?
False
Is 13 a factor of 44043?
False
Does 8 divide 16152?
True
Does 27 divide 737?
False
Is 23 a factor of 230?
True
Is 42629 a multiple of 47?
True
Is 242 a multiple of 22?
True
Does 22 divide 7238?
True
Is 13290 a multiple of 9?
False
Is 31 a factor of 62?
True
Does 18 divide 3062?
False
Is 1270 a multiple of 26?
False
Is 29 a factor of 928?
True
Is 12 a factor of 912?
True
Is 29614 a multiple of 26?
True
Is 21 a factor of 18879?
True
Is 115 a factor of 43815?
True
Is 33256 a multiple of 105?
False
Is 22727 a multiple of 30?
False
Does 6 divide 20316?
True
Does 11 divide 2475?
True
Is 50 a factor of 50?
True
Is 7 a factor of 8987?
False
Does 31 divide 776?
False
Is 34 a factor of 1597?
False
Is 3 a factor of 834?
True
Is 32 a factor of 6264?
False
Is 154 a multiple of 11?
True
Is 2626 a multiple of 13?
True
Is 8 a factor of 288?
True
Does 19 divide 1894?
False
Is 16 a factor of 2528?
True
Is 55 a factor of 1100?
True
Is 10 a factor of 695?
False
Is 13908 a multiple of 114?
True
Does 7 divide 245?
True
Is 33 a factor of 8212?
False
Is 170 a multiple of 10?
True
Is 896 a multiple of 14?
True
Is 10906 a multiple of 13?
False
Is 665 a multiple of 35?
True
Is 95 a factor of 4229?
False
Does 3 divide 239?
False
Is 391 a multiple of 3?
False
Does 17 divide 13574?
False
Is 77625 a multiple of 23?
True
Is 242 a factor of 13068?
True
Does 17 divide 13634?
True
Does 2 divide 4798?
True
Does 36 divide 2478?
False
Does 5 divide 64?
False
Is 19 a factor of 1121?
True
Is 33 a factor of 99?
True
Does 412 divide 11905?
False
Is 740 a multiple of 5?
True
Is 6560 a multiple of 41?
True
Is 6 a factor of 2791?
False
Is 25 a factor of 300?
True
Does 29 divide 87?
True
Is 1235 a multiple of 4?
False
Is 4550 a multiple of 14?
True
Is 35 a factor of 962?
False
Does 18 divide 11892?
False
Is 15 a factor of 3105?
True
Does 21 divide 31801?
False
Is 56 a multiple of 14?
True
Is 68045 a multiple of 86?
False
Is 8825 a multiple of 11?
False
Does 4 divide 17?
False
Does 36 divide 417?
False
Does 4 divide 68?
True
Is 12380 a multiple of 13?
False
Is 2685 a multiple of 16?
False
Is 5040 a multiple of 90?
True
Is 7350 a multiple of 30?
True
Does 14 divide 6478?
False
Does 37 divide 51837?
True
Is 5 a factor of 4315?
True
Is 18 a factor of 168?
False
Is 31788 a multiple of 51?
False
Does 75 divide 13808?
False
Does 3 divide 7?
False
Is 442 a multiple of 17?
True
Is 21 a factor of 9251?
False
Is 13 a factor of 21681?
False
Is 9 a factor of 243?
True
Is 971 a multiple of 14?
False
Is 68 a factor of 2992?
True
Is 279 even?
False
Is 3267 a multiple of 121?
True
Is 8 a factor of 230?
False
Is 2146 a multiple of 37?
True
Is 18 a factor of 1328?
False
Does 20 divide 900?
True
Does 4 divide 36?
True
Does 25 divide 89200?
True
Is 13485 a multiple of 155?
True
Is 3 a factor of 84?
True
Is 50 a factor of 10581?
False
Is 32743 a multiple of 18?
False
Does 166 divide 17264?
True
Is 40 a factor of 51520?
True
Does 13 divide 6318?
True
Does 9 divide 3694?
False
Does 80 divide 6411?
False
Is 18 a factor of 82296?
True
Is 32 a factor of 11628?
False
Is 72 a factor of 7410?
False
Does 47 divide 133?
False
Is 36983 a multiple of 87?
False
Does 169 divide 27209?
True
Is 539 a multiple of 2?
False
Is 228 a factor of 18807?
False
Is 58 a factor of 116?
True
Does 134 divide 45721?
False
Does 10 divide 818?
False
Is 19101 a multiple of 118?
False
Is 143 a factor of 1634?
False
Is 14183 a multiple of 18?
False
Does 359 divide 26207?
True
Is 16 a factor of 5104?
True
Does 47 divide 20116?
True
Is 54 a factor of 1411?
False
Is 20 a f